*2 - 4035*x - 12294. What is a(-3)?
9
Let j(x) = -78247*x + 9. Calculate j(0).
9
Let t(h) = -h**3 - 108*h**2 - 13*h - 901. Give t(-108).
503
Let v(y) = y**2 + 11225*y + 78521. What is v(-7)?
-5
Let m(y) = -y**3 - 513*y**2 - 1548*y - 9187. What is m(-510)?
-7
Let u(p) = 646082*p + 3230395. Calculate u(-5).
-15
Let s(u) = -19786*u + 1009098. Calculate s(51).
12
Let w(u) = 6927*u - 54665. Give w(8).
751
Let l(w) = -102590*w - 307770. What is l(-3)?
0
Let g(f) = -8530*f - 255942. Calculate g(-30).
-42
Let a(i) = -379*i - 68888. Give a(-178).
-1426
Let c(n) = -84684*n + 2201774. Calculate c(26).
-10
Let c(t) = t**3 - 64*t**2 + 7844*t - 490207. Calculate c(63).
-4
Let h(c) = 19*c - 2050. Give h(120).
230
Let d(j) = -403*j - 77362. Determine d(-192).
14
Let m(h) = 74*h - 1810. Calculate m(22).
-182
Let l(p) = -1105*p**3 + 4*p**2 - 1512*p - 1515. Give l(-1).
1106
Let s(w) = 2*w**3 + 80*w**2 - 69*w + 168. Calculate s(-41).
-365
Let k(g) = -g**3 - 62*g**2 - 2345*g + 7640. Calculate k(3).
20
Let m(h) = -3535*h + 3485504. Determine m(986).
-6
Let k(q) = -3*q**2 + 129*q - 928. Give k(45).
-1198
Let g(z) = -1044*z - 31517. Determine g(-30).
-197
Let k(q) = q**3 + 13*q**2 + 4340*q + 25992. Determine k(-6).
204
Let c(o) = 63*o**2 - 12102*o + 224. Calculate c(192).
-928
Let b(c) = 513*c - 196428. Give b(381).
-975
Let l(u) = -2043*u + 57224. Determine l(28).
20
Let g(a) = -6*a**3 + 9*a**2 + 733*a + 270. Determine g(12).
-6
Let m(h) = -79427*h + 1112001. What is m(14)?
23
Let z(j) = -1523*j + 6905. Determine z(8).
-5279
Let d(g) = -5*g**3 + 76*g**2 + 172*g - 1620. Give d(16).
108
Let u(x) = -x**3 + 35*x**2 - 219*x + 471. Calculate u(19).
2086
Let o(q) = 11*q**3 + 3058*q**2 - 185*q - 51424. What is o(-278)?
6
Let z(m) = 3846*m + 673037. Determine z(-175).
-13
Let b(h) = 16*h**2 + 20*h + 30. Give b(-6).
486
Let g(l) = -8001*l + 495982. Calculate g(62).
-80
Let h(p) = -4*p**2 - 83*p + 524. Calculate h(5).
9
Let w(u) = u**3 - 2*u**2 - 38*u + 63. Give w(3).
-42
Let n(c) = -c**3 + 408*c**2 + 2045*c + 2412. Determine n(-3).
-24
Let s(g) = 30*g**2 + 116*g - 678. Give s(-7).
-20
Let x(r) = 14967*r + 89654. Calculate x(-6).
-148
Let d(l) = l**3 + 12*l**2 - 77*l - 426. Determine d(-11).
542
Let w(s) = -12*s**3 - 16*s**2 + 81*s + 40. Determine w(-3).
-23
Let b(q) = -29430*q + 1736368. Calculate b(59).
-2
Let v(h) = -h**3 + 254*h**2 + 68*h - 15379. What is v(254)?
1893
Let b(k) = -1716*k - 15888. Calculate b(-10).
1272
Let r(z) = -143*z - 7994. Calculate r(-56).
14
Let y(m) = -157*m - 16388. Determine y(-110).
882
Let i(o) = -3*o**3 - 11*o**2 + 1332*o + 13248. Determine i(-10).
1828
Let u(j) = -214*j**2 + 20*j + 11. Calculate u(-1).
-223
Let q(o) = 29*o**2 + 1943*o + 455. Give q(-69).
4457
Let w(y) = 5769*y + 17200. Calculate w(-3).
-107
Let a(s) = 1278*s + 97320. Give a(-76).
192
Let g(z) = 32*z - 622. Calculate g(40).
658
Let r(h) = 216*h**2 - 1511*h - 94. Give r(7).
-87
Let p(c) = c**3 - 530*c**2 - 3383*c + 89516. Give p(536).
4
Let o(q) = 98*q + 1458. Calculate o(-26).
-1090
Let h(z) = -4*z**2 + 813*z + 53091. What is h(-52)?
-1
Let f(j) = 2129*j - 266143. Determine f(125).
-18
Let i(j) = 3*j**3 - 68*j**2 - 451*j + 11715. What is i(21)?
39
Let j(l) = 4*l**2 - 101*l - 1601. Determine j(37).
138
Let k(o) = 8743*o - 26305. Determine k(3).
-76
Let d(l) = l**3 + 715*l**2 - 39015*l + 39065. Give d(-766).
-1
Let t(q) = -2565*q + 371930. Calculate t(145).
5
Let n(f) = 143276*f - 6304175. Determine n(44).
-31
Let n(j) = j**3 - 79*j**2 + 401*j - 157. Calculate n(5).
-2
Let g(d) = -807*d**2 + 9*d + 9. Give g(-1).
-807
Let z(x) = 3*x**2 + 38216*x + 534403. Give z(-14).
-33
Let b(g) = 117*g**2 + 153*g - 453. Determine b(3).
1059
Let g(d) = -2*d**3 - 90*d**2 - 297*d - 5397. What is g(-43)?
-22
Let g(d) = -83*d**2 - 949*d - 168. Give g(-12).
-732
Let d(z) = z**2 + 4390*z + 109051. Determine d(-25).
-74
Let p(x) = 2776*x - 72188. Calculate p(26).
-12
Let s(o) = 590*o + 2256. What is s(-4)?
-104
Let y(l) = 91*l - 25029. Determine y(275).
-4
Let a(h) = -2*h**3 + 27*h**2 + 14*h + 24. Determine a(13).
375
Let p(m) = -188*m + 27818. What is p(148)?
-6
Let r(z) = z**3 + 18*z**2 - 2303*z + 962. Give r(-58).
-24
Let o(f) = -1818*f**2 + 21749*f + 851. Calculate o(12).
47
Let b(k) = k**3 + 91*k**2 + 2016*k + 500. Calculate b(-37).
-166
Let y(z) = -z**3 - 2*z**2 + 250*z - 700. Determine y(3).
5
Let v(h) = -6*h**3 + 1277*h**2 + 186*h + 5762. Determine v(213).
11
Let s(k) = -777*k + 12055. Give s(14).
1177
Let r(w) = 8*w**2 + 182*w - 24384. Give r(45).
6
Let u(l) = l**2 - 744*l + 30719. What is u(44)?
-81
Let u(x) = 154*x**2 - 5767*x + 18022. What is u(34)?
-32
Let y(o) = -o**2 + 302*o + 15891. Calculate y(-46).
-117
Let g(m) = -34*m**2 - 492*m + 266. What is g(-15)?
-4
Let i(u) = u**3 - u**2 - 64*u - 2068. Give i(0).
-2068
Let c(j) = -23*j**2 - 320*j + 41. What is c(-14)?
13
Let f(o) = -2*o**3 - 88*o**2 - 839*o + 85. What is f(-12)?
937
Let v(p) = -3*p**2 + 1217*p + 476447. Calculate v(650).
-3
Let f(d) = 15651*d - 2801516. Give f(179).
13
Let r(b) = -160*b**2 + 2243*b - 26. What is r(14)?
16
Let l(v) = 65*v - 3550. What is l(60)?
350
Let b(p) = -3*p**3 + 4*p**2 - 1740*p + 3431. Determine b(2).
-57
Let h(a) = 11*a**2 - 1243*a + 11810. Give h(103).
480
Let v(g) = -150*g**2 - 657*g - 519. Give v(-1).
-12
Let b(s) = -17*s + 2619. Calculate b(-21).
2976
Let z(v) = -v**3 + 28*v**2 - 253*v + 452. Calculate z(13).
-302
Let u(j) = j**3 + 99*j**2 + 267*j - 1993. Determine u(-96).
23
Let m(x) = -22761*x + 1001482. Calculate m(44).
-2
Let y(v) = 20*v**3 + 406*v**2 + 42*v + 49. What is y(-20)?
1609
Let c(m) = -12*m**2 + 2537*m + 222144. Determine c(278).
22
Let z(j) = 2*j**2 - 548*j - 1652. Determine z(-3).
10
Let t(b) = 2107*b + 63085. Determine t(-30).
-125
Let h(k) = k**3 + 11*k**2 - 31*k + 5. What is h(2)?
-5
Let k(b) = -18*b**2 + 151*b + 33285. Calculate k(-39).
18
Let m(q) = -4*q**3 + 6*q**2 + 81*q - 93. Calculate m(6).
-255
Let q(d) = 28437*d + 85324. What is q(-3)?
13
Let k(j) = -40*j**2 - 13900*j - 193146. What is k(-333)?
-6
Let i(d) = 7*d**3 - 372*d**2 + 53*d - 4. Calculate i(53).
-4
Let k(w) = -3*w**3 - 301*w**2 - 95*w - 478. What is k(-100)?
-978
Let u(s) = -3031*s + 21098. Give u(7).
-119
Let o(f) = 17*f**2 + 36*f - 1. Determine o(0).
-1
Let l(v) = -362*v - 29168. Calculate l(-84).
1240
Let a(y) = -92*y**2 - 263*y + 2634. Calculate a(-7).
-33
Let p(y) = 678*y**3 - 4. Give p(-1).
-682
Let o(l) = 25*l**2 + 109*l + 397. Calculate o(-6).
643
Let v(j) = 2*j**2 + 15678*j - 109842. Calculate v(7).
2
Let b(h) = 4*h**2 - 1858*h + 25846. What is b(14)?
618
Let d(a) = -5*a**2 + 963*a + 1167. Calculate d(194).
-191
Let d(w) = w**2 - 109*w - 38462. Give d(-149).
-20
Let c(f) = 3065*f - 441338. Calculate c(144).
22
Let c(u) = 1109*u + 341593. Calculate c(-308).
21
Let n(j) = -21*j**2 - 14007*j + 369. What is n(-667)?
369
Let g(f) = 1349*f + 71475. Calculate g(-53).
-22
Let y(n) = 476*n - 4209. Determine y(10).
551
Let l(i) = -2*i**3 - 16*i**2 - 754*i - 3667. Give l(-5).
-47
Let n(k) = 235*k + 249. Give n(8).
2129
Let j(g) = -g**3 + 211*g**2 - 8671*g - 1419. What is j(155)?
-24
Let v(y) = -2*y**3 - 343*y**2 + 859*y - 1899. Give v(-174).
15
Let d(k) = 1579*k**2 - 44234*k + 610. Give d(28).
-6
Let i(b) = -b**3 + 89*b**2 - 166*b - 706. Calculate i(87).
-10
Let z(n) = -n**3 + 91*n**2 + 44*n + 4939. Give z(92).
523
Let s(c) = -2807*c - 5618. Give s(-2).
-4
Let p(v) = -7*v**2 - 10172*v + 237665. What is p(23)?
6
Let h(v) = 21*v**2 + 3697*v + 177. Calculate h(-176).
1
Let y(b) = b**2 - 357*b - 4793. Calculate y(-13).
17
Let j(m) = -m**3 + 206*m**2 - 3689*m - 6075. Give j(186).
-309
Let j(p) = -239*p**3 + 7409*p**2 - 10*p + 131. Give j(31).
-179
Let b(a) = 901*a + 16018. What is b(-18)?
-200
Let o(z) = -19851*z - 218329. What is o(-11)?
32
Let y(o) = -92*o - 4618. Calculate y(-38).
-1122
Let y(b) = 2*b**3 - 17*b**2 - 55*b + 20. Calculate y(-8).
-1652
Let p(f) = 19*f**3 - f**2 + 62*f + 119. What is p(-2)?
-161
Let b(o) = -8*o**2 + 132*o + 2062. Calculate b(26).
86
Let l(g) = -4*g**2 + 279700*g + 3077189. Calculate l(-11).
5
Let v(f) = 15*f**3 - 303*f**2 + 75*f - 150. Calculate v(20).
150
Let y(u) = 2*u**2 - 195*u + 4031. What is y(49)?
-722
Let s(t) = -82*t**2 + 15294*t - 9. Calculate s(0).
-9
Let c(o) = -6*o**2 -